*z - a, 2*t = 3 + 3. What is the greatest common factor of z and 144?
18
Let h(x) = -5*x**2 - 5*x + 2. Let m be h(-3). Let q = m - -43. What is the highest common divisor of 3 and q?
3
Suppose h - 3 = -0*h. Suppose 4*w = h*w + 12. Let m = -1754 + 1826. What is the highest common factor of w and m?
12
Let u be 28 + 2 - (1 - 4 - -3). Let n = -25 - -35. What is the greatest common divisor of u and n?
10
Suppose -3*c - z + 54 = 2*c, -5*c = 4*z - 66. Let y(p) = p**3 + 65*p**2 - 4*p - 230. Let r be y(-65). Calculate the highest common factor of r and c.
10
Suppose 14*q + 314 = 15*q. Let c = q + -186. Let o be 2/(-2*2/(-32)). Calculate the greatest common divisor of o and c.
16
Let q = 18 - 17. What is the greatest common factor of 9 and q?
1
Let y(f) = -2*f**2 + 6*f - 3. Suppose -5*t + 7*t = 8. Let q be y(t). Let b = q - -23. What is the highest common factor of b and 48?
12
Let b(q) = q**3 + 7*q**2 + 7*q - 1. Let s be b(-6). Let i(j) = j**2 + 4*j + 6. Let c be i(s). Calculate the highest common divisor of 27 and c.
27
Suppose 6*v = 47*v + 148*v - 9072. Let c = 45 - 29. Calculate the greatest common divisor of v and c.
16
Let d(k) = -23*k**3 + k**2 + k. Let h be d(-1). Suppose 4*q - 16 = 0, l - 10 = 3*q + 4. Suppose l = j + 3. What is the highest common divisor of h and j?
23
Suppose 0 = -8*p + 4*p - 4. Let r = p + 6. Let j(u) = -3*u - 1. Let i be j(-2). Calculate the greatest common divisor of r and i.
5
Suppose 190 = 3*w - 242. Let x be 16/6*(1 + 5). What is the greatest common divisor of w and x?
16
Suppose 95 = 4*w - 265. Calculate the highest common divisor of 30 and w.
30
Suppose 89 - 699 = -5*l + 2*t, -3*t - 15 = 0. Let y = -54 + l. Let w be 132/(-18)*18/(-4). What is the greatest common factor of w and y?
33
Let y be -1 - (1 - 1) - -56. Let f be 0 + 43 - ((-1 - 4) + 3). Suppose -5*b + f = 4*b. What is the greatest common divisor of b and y?
5
Let a be (-10)/4 + (1 - 6/4). Let g(x) = -24*x + 4. Let l be g(a). What is the highest common factor of 19 and l?
19
Let f(r) = 3*r**2 - 26*r - 17. Let w be f(11). What is the greatest common factor of w and 60?
60
Let k(n) = n**2 - 6*n - 12. Let o be k(8). Let r be (o/14 - 0)/((-3)/(-42)). Calculate the greatest common factor of 1 and r.
1
Let w(p) = -p + 9. Let n be w(6). Suppose -4 = n*c - 67. Let y(m) = 4*m**2 - 7*m - 1. Let z be y(3). Calculate the highest common divisor of z and c.
7
Let p be ((-112)/(-7) - -71)/1. Suppose 29 = -t + 2*t. Calculate the highest common factor of t and p.
29
Let y(g) = 4*g + 2. Let d be y(4). Suppose -9*t = -2*t - 63. What is the highest common divisor of t and d?
9
Let i = 14 - 38. Let d be (1 + 12/(-9))*i. Let z be 558/10 - (-1)/5. Calculate the greatest common divisor of z and d.
8
Let x be 3 + 1 - (-9)/(-3). Let t be (18/14 - x) + (-21456)/(-168). Calculate the highest common divisor of 32 and t.
32
Let k be (-4)/(12/(-15)) - (-24 + 14). Calculate the highest common factor of k and 195.
15
Let b(g) = g**3 - 2*g + 5. Let a be b(5). Let m = 389 + -374. Calculate the greatest common divisor of m and a.
15
Let c(z) = z**2 + 11*z - 16. Let q be c(-9). Let a = q - -46. Calculate the greatest common divisor of 36 and a.
12
Let g(n) = 2*n**3 + 2*n**2 + 3*n - 6. Suppose -5*r = -13 + 3. Let v be g(r). What is the greatest common divisor of 8 and v?
8
Suppose 0 = 6*s - 2*s. Let f = 15 + s. What is the greatest common factor of f and 105?
15
Let j(k) = -k**2 - 34*k - 26. Let d be j(-33). What is the highest common divisor of 112 and d?
7
Suppose -2*m + 7*m = 60. Let q = 71 + -104. Let c = -15 - q. Calculate the highest common factor of c and m.
6
Let r = 77 - 45. Let t = 9 + -19. Let w = t - -26. What is the greatest common factor of r and w?
16
Let d be (37476/(-12))/(-3) - -3. What is the greatest common divisor of d and 72?
36
Let h be -1 + 34 + -2 + 2. Let g be 462/(3 + 3*3/(-9)). Calculate the greatest common divisor of g and h.
33
Let m be 3*(-6)/(-9) - 196/(-14). Let i = -2 + 4. Calculate the highest common factor of m and i.
2
Suppose 5*t - 3*t = f + 11, 4*f + 14 = 2*t. Let y(h) = 6*h**2 + 9*h - 7*h**2 - 4*h + t*h + 2. Let a be y(5). Calculate the highest common factor of 18 and a.
9
Let h be 8 + (11 - (-4 + 8)). Let r be (6*-1)/(-5 - -3). Suppose -5 = 5*l, -x = 2*x + r*l - 27. What is the greatest common factor of h and x?
5
Let f(t) = -t**3 - t**2 + 6*t + 4. Let x be f(-4). Suppose 4*r - r = 3*i - 9, 4*r = i. Calculate the greatest common divisor of i and x.
4
Suppose 5*z - 3*i = 53, 0*i - 4*i = 4. Let k be 2*5 - z/10. What is the greatest common divisor of 99 and k?
9
Let g(n) = 2*n**2 + 15*n. Let f be g(-11). Let i(z) = 3*z**2 - 34*z + 22. Let d be i(11). Calculate the greatest common divisor of d and f.
11
Suppose 0 = -2*v + s + 33, -4*s + 27 = v - 12. Let d = v - 3. Suppose 3*n + 13 = d. What is the greatest common divisor of 11 and n?
1
Let p = -25 - -27. Suppose p*f + 5*d + 14 = -1, 5*f = 3*d + 9. Suppose f = s - 3 - 13. Calculate the greatest common factor of s and 4.
4
Suppose 0 = -26*k + 964 - 2. Calculate the greatest common factor of 481 and k.
37
Suppose 264*h - 255*h - 2394 = 0. Calculate the greatest common divisor of h and 42.
14
Let u(p) = -2*p**3 - 8*p**2 - 2*p + 14. Let q be u(-4). What is the greatest common divisor of 286 and q?
22
Let i = 89 + 226. Suppose -s = -6*s + i. Suppose 0*w - w = -9. What is the highest common factor of w and s?
9
Let h(q) = -4*q**3 - q**2 + 3*q - 1. Let x be 4/1 + -11 + -4 + 9. Let l be h(x). What is the highest common factor of 3 and l?
3
Let l(i) = -2*i**3 + 4*i**2 + 7*i - 3. Let j be l(3). Suppose j = -92*x + 90*x + 40. What is the highest common factor of x and 30?
10
Let t be (75 + 0/2)*(-24)/(-9). What is the highest common factor of t and 250?
50
Let i(g) = -2*g**3 - 11*g**2 - g + 2. Let s be i(-8). What is the greatest common divisor of s and 66?
66
Let d be (34/5)/((-73)/(-730)). What is the highest common factor of 544 and d?
68
Let m be -2*3 + 7 + 1 + 38. What is the greatest common factor of 6 and m?
2
Let b(t) be the second derivative of t**5/5 - t**4/6 + t**3/6 - t**2 + 2*t. Let c be b(2). What is the greatest common factor of c and 8?
8
Let r be -6*(-7 + (1 - -4)). Let o be 26 + (-18)/(r/2). Calculate the greatest common divisor of o and 69.
23
Suppose 35 + 28 = -7*c. Let q be (-80)/36 + 2 - 74/c. What is the greatest common factor of q and 4?
4
Suppose -2 = z - j, 28 = -0*z + z + 5*j. Suppose z*s - 14 = 193. Let i = -39 + s. What is the highest common divisor of i and 10?
10
Let j = 348 + -317. Calculate the greatest common divisor of 155 and j.
31
Let u = 8 + 0. Calculate the highest common factor of u and 68.
4
Let w(h) = -h**3 + 5*h**2 - 3*h + 3. Let d be w(4). Suppose -5*b + 59 = a, -b = -4*a - 4*b + 202. What is the greatest common divisor of d and a?
7
Let i(c) = 5 - 51*c + 5*c**2 + 48*c - 4. Let t be i(1). Calculate the highest common factor of 2 and t.
1
Let p be -10*(-12)/(-30)*-1. Let j(x) = 3*x**2 + 5*x - 3. Let s be j(3). Let c = s - p. Calculate the greatest common factor of 7 and c.
7
Let l = -117 - -272. Suppose 145 + l = 5*z. Calculate the greatest common factor of 24 and z.
12
Let s(p) = 24*p**2. Let c be s(1). Let m(x) = x**2 + x - 7. Let o be m(-4). Suppose -48 = -o*k - 18. What is the highest common factor of c and k?
6
Let g(t) = -t + 21. Let u = -15 + 21. Let l be g(u). Suppose -50 = -0*d - 5*d. What is the highest common factor of d and l?
5
Let x be 2*(1 - 22/(-4)). Let u be 23/(69/(-24)) + 177. Calculate the greatest common factor of u and x.
13
Let s(x) = -69*x**2 + 3*x. Let t be s(2). Let j be ((-4)/(-6))/((-5)/t). Suppose 0 = -3*l + l + j. Calculate the highest common divisor of l and 12.
6
Let m(y) = 9*y**2 - 41*y - 6. Let n be m(18). Calculate the greatest common divisor of 12 and n.
12
Suppose 100*b = -p + 105*b + 56, 3*p + 5*b - 128 = 0. What is the highest common divisor of 506 and p?
46
Let x = 60 - -15. What is the highest common divisor of 975 and x?
75
Suppose 3*a - a = -4*l + 270, -2*l = 5*a - 667. Let c = 104 - 85. Calculate the highest common factor of a and c.
19
Suppose -u - 8 = -3*n, 0 = n - 0*u - u - 4. Calculate the greatest common divisor of 8 and n.
2
Let l = -490 - -815. What is the greatest common divisor of 130 and l?
65
Let w(c) = -c**2 - 10*c + 5.